{"id":9,"date":"2016-04-09T11:23:27","date_gmt":"2016-04-09T10:23:27","guid":{"rendered":"http:\/\/mxmqcxig.preview.infomaniak.com\/scierie\/?page_id=9"},"modified":"2026-03-29T16:43:42","modified_gmt":"2026-03-29T15:43:42","slug":"historique","status":"publish","type":"page","link":"http:\/\/scierieray.ch\/scierie\/accueil\/historique\/","title":{"rendered":"Historique"},"content":{"rendered":"<h3>Au service d&rsquo;une r\u00e9gion et de son \u00e9conomie depuis plus de 300 ans<\/h3>\n<ul>\n<li>Le 26 f\u00e9vrier 1665, Moyse Perdrisat ach\u00e8te un pr\u00e9 au moulin des Ernons.<\/li>\n<li>En 1736, Jean-Louis Perdrisat est le premier scieur \u00e0 La Poissine, puis lui succ\u00e8de son fils, Abram-Louis Perdrisat.<\/li>\n<li>En 1800, Georges Ray est le premier Ray \u00e0 exploiter la scierie de La Poissine qu&rsquo;il a reprise de son beau-p\u00e8re. Puis la scierie se transmet de p\u00e8re en fils :<\/li>\n<li>Fran\u00e7ois-Louis Ray<\/li>\n<li>Henri-Louis Ray<\/li>\n<li>Louis Ray<\/li>\n<li>Henri Ray<\/li>\n<li>Edouard et Jean Ray<\/li>\n<li>En 1999, Jean-Louis Ray, fils de Jean fait de la scierie une soci\u00e9t\u00e9 anonyme<\/li>\n<li>Le 1 er octobre 2022, l&rsquo;exploitation de la scierie est transmise \u00e0 la Scierie Dutoit SA de Chavornay<\/li>\n<li>Au 31 mars 2026, la Scierie Dutoit SA quitte le site de La Poissine pour se concentrer sur le site unique de Chavornay.<\/li>\n<\/ul>\n<p style=\"text-align: left;\">\n","protected":false},"excerpt":{"rendered":"<p>Au service d&rsquo;une r\u00e9gion et de son \u00e9conomie depuis plus de 300 ans Le 26 f\u00e9vrier 1665, Moyse Perdrisat ach\u00e8te un pr\u00e9 au moulin des Ernons. En 1736, Jean-Louis Perdrisat est le premier scieur \u00e0 La Poissine, puis lui succ\u00e8de son fils, Abram-Louis Perdrisat. En 1800, Georges Ray est le premier Ray \u00e0 exploiter la &#8230;<\/p>\n","protected":false},"author":4,"featured_media":0,"parent":5,"menu_order":0,"comment_status":"closed","ping_status":"closed","template":"template_fullwidth.php","meta":{"_mi_skip_tracking":false},"aioseo_notices":[],"_links":{"self":[{"href":"http:\/\/scierieray.ch\/scierie\/wp-json\/wp\/v2\/pages\/9"}],"collection":[{"href":"http:\/\/scierieray.ch\/scierie\/wp-json\/wp\/v2\/pages"}],"about":[{"href":"http:\/\/scierieray.ch\/scierie\/wp-json\/wp\/v2\/types\/page"}],"author":[{"embeddable":true,"href":"http:\/\/scierieray.ch\/scierie\/wp-json\/wp\/v2\/users\/4"}],"replies":[{"embeddable":true,"href":"http:\/\/scierieray.ch\/scierie\/wp-json\/wp\/v2\/comments?post=9"}],"version-history":[{"count":8,"href":"http:\/\/scierieray.ch\/scierie\/wp-json\/wp\/v2\/pages\/9\/revisions"}],"predecessor-version":[{"id":440,"href":"http:\/\/scierieray.ch\/scierie\/wp-json\/wp\/v2\/pages\/9\/revisions\/440"}],"up":[{"embeddable":true,"href":"http:\/\/scierieray.ch\/scierie\/wp-json\/wp\/v2\/pages\/5"}],"wp:attachment":[{"href":"http:\/\/scierieray.ch\/scierie\/wp-json\/wp\/v2\/media?parent=9"}],"curies":[{"name":"wp","href":"https:\/\/api.w.org\/{rel}","templated":true}]}}